{"id":692,"date":"2024-09-03T15:42:36","date_gmt":"2024-09-03T18:42:36","guid":{"rendered":"https:\/\/www.aj.cl\/intranet\/?page_id=692"},"modified":"2024-09-03T18:36:01","modified_gmt":"2024-09-03T21:36:01","slug":"beneficios-caja-los-andes","status":"publish","type":"page","link":"https:\/\/www.aj.cl\/intranet\/beneficios-caja-los-andes\/","title":{"rendered":"Beneficios Caja los Andes"},"content":{"rendered":"\n<main class=\"wp-block-group has-light-color-background-color has-background is-layout-constrained wp-container-core-group-is-layout-b46cc6d1 wp-block-group-is-layout-constrained\" style=\"padding-top:0;padding-right:0;padding-bottom:0;padding-left:0\">\n<div class=\"wp-block-cover is-light\" style=\"min-height:480px;aspect-ratio:unset;\"><span aria-hidden=\"true\" class=\"wp-block-cover__background has-dark-color-background-color has-background-dim-20 has-background-dim\"><\/span><img fetchpriority=\"high\" decoding=\"async\" width=\"1440\" height=\"830\" class=\"wp-block-cover__image-background wp-image-695\" alt=\"\" src=\"https:\/\/www.aj.cl\/intranet\/wp-content\/uploads\/2024\/09\/cabecera-caja2_Mesa-de-trabajo-1.jpg\" style=\"object-position:6% 57%\" data-object-fit=\"cover\" data-object-position=\"6% 57%\" srcset=\"https:\/\/www.aj.cl\/intranet\/wp-content\/uploads\/2024\/09\/cabecera-caja2_Mesa-de-trabajo-1.jpg 1440w, https:\/\/www.aj.cl\/intranet\/wp-content\/uploads\/2024\/09\/cabecera-caja2_Mesa-de-trabajo-1-300x173.jpg 300w, https:\/\/www.aj.cl\/intranet\/wp-content\/uploads\/2024\/09\/cabecera-caja2_Mesa-de-trabajo-1-1024x590.jpg 1024w, https:\/\/www.aj.cl\/intranet\/wp-content\/uploads\/2024\/09\/cabecera-caja2_Mesa-de-trabajo-1-768x443.jpg 768w\" sizes=\"(max-width: 1440px) 100vw, 1440px\" \/><div class=\"wp-block-cover__inner-container is-layout-constrained wp-container-core-cover-is-layout-21deba94 wp-block-cover-is-layout-constrained\">\n<h1 class=\"wp-block-heading has-text-align-center has-light-color-color has-text-color has-link-color has-xxx-large-font-size wp-elements-285d229ad5a8f4d174cb04cd546252dc\" style=\"font-style:normal;font-weight:600\">M\u00e1s Beneficios<\/h1>\n\n\n\n<p class=\"has-text-align-center has-light-color-color has-text-color has-link-color has-medium-font-size wp-elements-11c25b433ca7078026256c41a7af17c5\">Aprovecha al m\u00e1ximo los beneficios de Caja los Andes<\/p>\n<\/div><\/div>\n\n\n\n<div class=\"wp-block-group is-layout-constrained wp-container-core-group-is-layout-46cf05da wp-block-group-is-layout-constrained\" style=\"padding-top:var(--wp--preset--spacing--60);padding-right:var(--wp--preset--spacing--40);padding-bottom:var(--wp--preset--spacing--60);padding-left:var(--wp--preset--spacing--40)\">\n<div class=\"wp-block-columns are-vertically-aligned-center is-layout-flex wp-container-core-columns-is-layout-9cf8123d wp-block-columns-is-layout-flex\">\n<div class=\"wp-block-column is-vertically-aligned-center is-layout-flow wp-block-column-is-layout-flow\">\n<figure class=\"wp-block-image size-full is-resized\"><a href=\"https:\/\/www.cajalosandes.cl\/apoyo-social\/bonos-familiares\" target=\"_blank\" rel=\"noreferrer noopener\"><img decoding=\"async\" width=\"750\" height=\"500\" src=\"https:\/\/www.aj.cl\/intranet\/wp-content\/uploads\/2024\/09\/familia2.jpg\" alt=\"\" class=\"wp-image-696\" style=\"width:306px;height:auto\" srcset=\"https:\/\/www.aj.cl\/intranet\/wp-content\/uploads\/2024\/09\/familia2.jpg 750w, https:\/\/www.aj.cl\/intranet\/wp-content\/uploads\/2024\/09\/familia2-300x200.jpg 300w\" sizes=\"(max-width: 750px) 100vw, 750px\" \/><\/a><\/figure>\n<\/div>\n\n\n\n<div class=\"wp-block-column is-vertically-aligned-center is-layout-flow wp-block-column-is-layout-flow\">\n<h3 class=\"wp-block-heading has-large-font-size\" style=\"font-style:normal;font-weight:600\">Bonos Familiares<\/h3>\n\n\n\n<p><strong>Desde $35.000 hasta $120.000 puedes recibir como bono<\/strong>&nbsp;de Caja Los Andes, para apoyar los gastos relacionados al&nbsp;<strong>nacimiento, adopci\u00f3n,&nbsp;<\/strong>la&nbsp;<strong>uni\u00f3n de pareja<\/strong>&nbsp;o&nbsp;<strong>matrimonio&nbsp;<\/strong>o el&nbsp;<strong>fallecimiento<\/strong>&nbsp;de una carga familiar acreditada. Conoce m\u00e1s detalles de esta ayuda econ\u00f3mica.<\/p>\n\n\n\n<div class=\"wp-block-buttons is-layout-flex wp-block-buttons-is-layout-flex\">\n<div class=\"wp-block-button\"><a class=\"wp-block-button__link wp-element-button\" href=\"https:\/\/www.cajalosandes.cl\/apoyo-social\/bonos-familiares\" style=\"border-radius:60px;padding-top:var(--wp--preset--spacing--40);padding-right:var(--wp--preset--spacing--50);padding-bottom:var(--wp--preset--spacing--40);padding-left:var(--wp--preset--spacing--50)\" target=\"_blank\" rel=\"noreferrer noopener\">Ver M\u00e1s<\/a><\/div>\n<\/div>\n<\/div>\n<\/div>\n\n\n\n<div class=\"wp-block-columns are-vertically-aligned-center is-layout-flex wp-container-core-columns-is-layout-9cf8123d wp-block-columns-is-layout-flex\">\n<div class=\"wp-block-column is-vertically-aligned-center is-layout-flow wp-block-column-is-layout-flow\">\n<h3 class=\"wp-block-heading has-large-font-size\" style=\"font-style:normal;font-weight:600\">\u00a1Listas las maletas!<\/h3>\n\n\n\n<p><strong>Para tener una alta diversi\u00f3n<\/strong>&nbsp;entre marzo y diciembre,&nbsp;<strong>aprovecha tu pr\u00f3xima estad\u00eda en nuestros&nbsp;Centros Tur\u00edsticos<\/strong>&nbsp;con tarifas de Baja Temporada.<\/p>\n\n\n\n<div class=\"wp-block-buttons is-layout-flex wp-block-buttons-is-layout-flex\">\n<div class=\"wp-block-button\"><a class=\"wp-block-button__link wp-element-button\" href=\"https:\/\/www.cajalosandes.cl\/turismo\" style=\"border-radius:60px;padding-top:var(--wp--preset--spacing--40);padding-right:var(--wp--preset--spacing--50);padding-bottom:var(--wp--preset--spacing--40);padding-left:var(--wp--preset--spacing--50)\" target=\"_blank\" rel=\"noreferrer noopener\">Ver M\u00e1s<\/a><\/div>\n<\/div>\n<\/div>\n\n\n\n<div class=\"wp-block-column is-vertically-aligned-center is-layout-flow wp-block-column-is-layout-flow\">\n<figure class=\"wp-block-image size-full\"><a href=\"https:\/\/www.cajalosandes.cl\/turismo\" target=\"_blank\" rel=\"noreferrer noopener\"><img decoding=\"async\" width=\"750\" height=\"500\" src=\"https:\/\/www.aj.cl\/intranet\/wp-content\/uploads\/2024\/09\/vacaciones.jpg\" alt=\"\" class=\"wp-image-698\" srcset=\"https:\/\/www.aj.cl\/intranet\/wp-content\/uploads\/2024\/09\/vacaciones.jpg 750w, https:\/\/www.aj.cl\/intranet\/wp-content\/uploads\/2024\/09\/vacaciones-300x200.jpg 300w\" sizes=\"(max-width: 750px) 100vw, 750px\" \/><\/a><\/figure>\n<\/div>\n<\/div>\n\n\n\n<div class=\"wp-block-columns are-vertically-aligned-center is-layout-flex wp-container-core-columns-is-layout-9cf8123d wp-block-columns-is-layout-flex\">\n<div class=\"wp-block-column is-vertically-aligned-center is-layout-flow wp-block-column-is-layout-flow\">\n<figure class=\"wp-block-image size-full\"><a href=\"https:\/\/www.cajalosandes.cl\/apoyo-social\/asignacion-familiar\" target=\"_blank\" rel=\"noreferrer noopener\"><img loading=\"lazy\" decoding=\"async\" width=\"750\" height=\"563\" src=\"https:\/\/www.aj.cl\/intranet\/wp-content\/uploads\/2024\/09\/asignacion.jpg\" alt=\"\" class=\"wp-image-700\" srcset=\"https:\/\/www.aj.cl\/intranet\/wp-content\/uploads\/2024\/09\/asignacion.jpg 750w, https:\/\/www.aj.cl\/intranet\/wp-content\/uploads\/2024\/09\/asignacion-300x225.jpg 300w\" sizes=\"(max-width: 750px) 100vw, 750px\" \/><\/a><\/figure>\n<\/div>\n\n\n\n<div class=\"wp-block-column is-vertically-aligned-center is-layout-flow wp-block-column-is-layout-flow\">\n<h3 class=\"wp-block-heading has-large-font-size\" style=\"font-style:normal;font-weight:600\">Formulario de Asignaci\u00f3n y Extinci\u00f3n  familiar <\/h3>\n\n\n\n<p>Descarga los formularios y conoce c\u00f3mo realizar el tr\u00e1mite <a href=\"https:\/\/www.cajalosandes.cl\/apoyo-social\/asignacion-familiar\"><strong>AQU\u00cd<\/strong><\/a><\/p>\n\n\n\n<div class=\"wp-block-buttons is-layout-flex wp-block-buttons-is-layout-flex\">\n<div class=\"wp-block-button\"><a class=\"wp-block-button__link wp-element-button\" href=\"https:\/\/www.aj.cl\/intranet\/documentos\/solicitud_asignaci\u00f3n_fam-mat.pdf\" style=\"border-radius:90px\" target=\"_blank\" rel=\"noreferrer noopener\">Solicitud de Asignaci\u00f3n Familiar<\/a><\/div>\n<\/div>\n\n\n\n<div class=\"wp-block-buttons is-layout-flex wp-block-buttons-is-layout-flex\">\n<div class=\"wp-block-button\"><a class=\"wp-block-button__link wp-element-button\" href=\"https:\/\/www.aj.cl\/intranet\/documentos\/solicitud_extincion_asig-famil.pdf\" style=\"border-radius:100px\" target=\"_blank\" rel=\"noreferrer noopener\">Solicitud de Extinci\u00f3n Familiar<\/a><\/div>\n<\/div>\n<\/div>\n<\/div>\n\n\n\n<div class=\"wp-block-columns are-vertically-aligned-center is-layout-flex wp-container-core-columns-is-layout-9cf8123d wp-block-columns-is-layout-flex\">\n<div class=\"wp-block-column is-vertically-aligned-center is-layout-flow wp-block-column-is-layout-flow\">\n<h3 class=\"wp-block-heading has-large-font-size\" style=\"font-style:normal;font-weight:600\">\u00bfSabes c\u00f3mo tramitar tus licencias m\u00e9dicas?<\/h3>\n\n\n\n<p>Queremos que te&nbsp;enfoques en tu recuperaci\u00f3n, para eso, conoce como Caja Los Andes participa en la gesti\u00f3n del pago <\/p>\n\n\n\n<div class=\"wp-block-buttons is-layout-flex wp-block-buttons-is-layout-flex\">\n<div class=\"wp-block-button\"><a class=\"wp-block-button__link wp-element-button\" href=\"https:\/\/www.cajalosandes.cl\/licencias-medicas\" style=\"border-radius:60px;padding-top:var(--wp--preset--spacing--40);padding-right:var(--wp--preset--spacing--50);padding-bottom:var(--wp--preset--spacing--40);padding-left:var(--wp--preset--spacing--50)\" target=\"_blank\" rel=\"noreferrer noopener\">Ver M\u00e1s<\/a><\/div>\n<\/div>\n<\/div>\n\n\n\n<div class=\"wp-block-column is-vertically-aligned-center is-layout-flow wp-block-column-is-layout-flow\">\n<figure class=\"wp-block-image size-full\"><a href=\"https:\/\/www.cajalosandes.cl\/licencias-medicas\" target=\"_blank\" rel=\"noreferrer noopener\"><img loading=\"lazy\" decoding=\"async\" width=\"750\" height=\"501\" src=\"https:\/\/www.aj.cl\/intranet\/wp-content\/uploads\/2024\/09\/licencia.jpg\" alt=\"\" class=\"wp-image-702\" srcset=\"https:\/\/www.aj.cl\/intranet\/wp-content\/uploads\/2024\/09\/licencia.jpg 750w, https:\/\/www.aj.cl\/intranet\/wp-content\/uploads\/2024\/09\/licencia-300x200.jpg 300w\" sizes=\"(max-width: 750px) 100vw, 750px\" \/><\/a><\/figure>\n<\/div>\n<\/div>\n<\/div>\n\n\n\n<div class=\"wp-block-group is-layout-constrained wp-container-core-group-is-layout-f3f22baa wp-block-group-is-layout-constrained\" style=\"margin-top:0;margin-bottom:0;padding-top:20px;padding-right:var(--wp--preset--spacing--40);padding-bottom:20px;padding-left:var(--wp--preset--spacing--40)\">\n<div class=\"wp-block-group handyman-blocks-fade-up is-layout-constrained wp-container-core-group-is-layout-ad87464f wp-block-group-is-layout-constrained\">\n<h1 class=\"wp-block-heading has-text-align-center has-heading-color-color has-text-color has-link-color wp-elements-ece9e033be589368bb97b538ab7f26a7\">C\u00f3mo gestionar tus Licencias M\u00e9dicas<\/h1>\n\n\n\n<p class=\"has-text-align-center\" style=\"margin-top:24px\"><\/p>\n<\/div>\n\n\n\n<div class=\"wp-block-columns is-layout-flex wp-container-core-columns-is-layout-db405b13 wp-block-columns-is-layout-flex\" style=\"margin-top:0px\">\n<div class=\"wp-block-column is-layout-flow wp-block-column-is-layout-flow\">\n<div class=\"wp-block-group has-border-color has-border-color-border-color is-layout-constrained wp-container-core-group-is-layout-df88f769 wp-block-group-is-layout-constrained\" style=\"border-width:1px;border-radius:0px;padding-top:30px;padding-right:30px;padding-bottom:30px;padding-left:30px\">\n<figure class=\"wp-block-image aligncenter size-full is-resized\"><img loading=\"lazy\" decoding=\"async\" width=\"894\" height=\"900\" src=\"https:\/\/www.aj.cl\/intranet\/wp-content\/uploads\/2024\/09\/licencia_digital_Mesa-de-trabajo-1.png\" alt=\"\" class=\"wp-image-706\" style=\"width:auto;height:60px\" srcset=\"https:\/\/www.aj.cl\/intranet\/wp-content\/uploads\/2024\/09\/licencia_digital_Mesa-de-trabajo-1.png 894w, https:\/\/www.aj.cl\/intranet\/wp-content\/uploads\/2024\/09\/licencia_digital_Mesa-de-trabajo-1-298x300.png 298w, https:\/\/www.aj.cl\/intranet\/wp-content\/uploads\/2024\/09\/licencia_digital_Mesa-de-trabajo-1-150x150.png 150w, https:\/\/www.aj.cl\/intranet\/wp-content\/uploads\/2024\/09\/licencia_digital_Mesa-de-trabajo-1-768x773.png 768w\" sizes=\"(max-width: 894px) 100vw, 894px\" \/><\/figure>\n\n\n\n<h5 class=\"wp-block-heading has-text-align-center\" style=\"margin-top:30px;font-style:normal;font-weight:600\">LICENCIA M\u00c9DICA DIGITAL<\/h5>\n\n\n\n<p class=\"has-text-align-center\">Aprende de forma pr\u00e1ctica c\u00f3mo se gestiona tu licencia m\u00e9dica digital, la cual llega directamente a tu empleador, por ende, t\u00fa no tienes que realizar ning\u00fan tr\u00e1mite.<\/p>\n\n\n\n<div class=\"wp-block-buttons is-content-justification-center is-layout-flex wp-container-core-buttons-is-layout-a89b3969 wp-block-buttons-is-layout-flex\">\n<div class=\"wp-block-button\"><a class=\"wp-block-button__link wp-element-button\" href=\"https:\/\/www.aj.cl\/intranet\/videos\/Capacitaci%C3%B3n%20Procesamiento%20LM%20digital.pptx\" target=\"_blank\" rel=\"noreferrer noopener\">Ver M\u00e1s<\/a><\/div>\n<\/div>\n<\/div>\n<\/div>\n\n\n\n<div class=\"wp-block-column is-layout-flow wp-block-column-is-layout-flow\">\n<div class=\"wp-block-group has-border-color has-border-color-border-color is-layout-constrained wp-container-core-group-is-layout-df88f769 wp-block-group-is-layout-constrained\" style=\"border-width:1px;border-radius:0px;padding-top:30px;padding-right:30px;padding-bottom:30px;padding-left:30px\">\n<figure class=\"wp-block-image aligncenter size-full is-resized\"><img loading=\"lazy\" decoding=\"async\" width=\"894\" height=\"900\" src=\"https:\/\/www.aj.cl\/intranet\/wp-content\/uploads\/2024\/09\/afiliado_Mesa-de-trabajo-1.png\" alt=\"\" class=\"wp-image-707\" style=\"width:auto;height:60px\" srcset=\"https:\/\/www.aj.cl\/intranet\/wp-content\/uploads\/2024\/09\/afiliado_Mesa-de-trabajo-1.png 894w, https:\/\/www.aj.cl\/intranet\/wp-content\/uploads\/2024\/09\/afiliado_Mesa-de-trabajo-1-298x300.png 298w, https:\/\/www.aj.cl\/intranet\/wp-content\/uploads\/2024\/09\/afiliado_Mesa-de-trabajo-1-150x150.png 150w, https:\/\/www.aj.cl\/intranet\/wp-content\/uploads\/2024\/09\/afiliado_Mesa-de-trabajo-1-768x773.png 768w\" sizes=\"(max-width: 894px) 100vw, 894px\" \/><\/figure>\n\n\n\n<h5 class=\"wp-block-heading has-text-align-center\" style=\"margin-top:30px;font-style:normal;font-weight:600\">LICENCIA M\u00c9DICA F\u00cdSICA AFILIADO<\/h5>\n\n\n\n<p class=\"has-text-align-center\">Gesti\u00f3n de Licencias M\u00e9dicas F\u00edsicas si eres AFILIADO.<\/p>\n\n\n\n<div class=\"wp-block-buttons is-content-justification-center is-layout-flex wp-container-core-buttons-is-layout-a89b3969 wp-block-buttons-is-layout-flex\">\n<div class=\"wp-block-button\"><a class=\"wp-block-button__link wp-element-button\" href=\"https:\/\/www.aj.cl\/intranet\/imagenes\/tramitaci%C3%B3n%20afiliado(a)_page-0001.jpg\" target=\"_blank\" rel=\"noreferrer noopener\">Ver M\u00e1s<\/a><\/div>\n<\/div>\n<\/div>\n<\/div>\n\n\n\n<div class=\"wp-block-column is-layout-flow wp-block-column-is-layout-flow\">\n<div class=\"wp-block-group has-border-color has-border-color-border-color is-layout-constrained wp-container-core-group-is-layout-df88f769 wp-block-group-is-layout-constrained\" style=\"border-width:1px;border-radius:0px;padding-top:30px;padding-right:30px;padding-bottom:30px;padding-left:30px\">\n<figure class=\"wp-block-image aligncenter size-full is-resized\"><img loading=\"lazy\" decoding=\"async\" width=\"894\" height=\"900\" src=\"https:\/\/www.aj.cl\/intranet\/wp-content\/uploads\/2024\/09\/empleador_Mesa-de-trabajo-1.png\" alt=\"\" class=\"wp-image-708\" style=\"width:auto;height:60px\" srcset=\"https:\/\/www.aj.cl\/intranet\/wp-content\/uploads\/2024\/09\/empleador_Mesa-de-trabajo-1.png 894w, https:\/\/www.aj.cl\/intranet\/wp-content\/uploads\/2024\/09\/empleador_Mesa-de-trabajo-1-298x300.png 298w, https:\/\/www.aj.cl\/intranet\/wp-content\/uploads\/2024\/09\/empleador_Mesa-de-trabajo-1-150x150.png 150w, https:\/\/www.aj.cl\/intranet\/wp-content\/uploads\/2024\/09\/empleador_Mesa-de-trabajo-1-768x773.png 768w\" sizes=\"(max-width: 894px) 100vw, 894px\" \/><\/figure>\n\n\n\n<h5 class=\"wp-block-heading has-text-align-center\" style=\"margin-top:30px;font-style:normal;font-weight:600\">LICENCIA M\u00c9DICA F\u00cdSICA EMPLEADOR<\/h5>\n\n\n\n<p class=\"has-text-align-center\">Gesti\u00f3n de Licencias M\u00e9dicas F\u00edsicas si eres EMPLEADOR.<\/p>\n\n\n\n<div class=\"wp-block-buttons is-content-justification-center is-layout-flex wp-container-core-buttons-is-layout-a89b3969 wp-block-buttons-is-layout-flex\">\n<div class=\"wp-block-button\"><a class=\"wp-block-button__link wp-element-button\" href=\"https:\/\/www.aj.cl\/intranet\/imagenes\/tramitaci%C3%B3n%20empleador_page-0001.jpg\" target=\"_blank\" rel=\"noreferrer noopener\">Ver M\u00e1s<\/a><\/div>\n<\/div>\n<\/div>\n<\/div>\n<\/div>\n<\/div>\n<\/main>\n","protected":false},"excerpt":{"rendered":"<p>Bonos Familiares Desde $35.000 hasta $120.000 puedes recibir como bono&nbsp;de Caja Los Andes, para apoyar los gastos relacionados al&nbsp;nacimiento, adopci\u00f3n,&nbsp;la&nbsp;uni\u00f3n de pareja&nbsp;o&nbsp;matrimonio&nbsp;o el&nbsp;fallecimiento&nbsp;de una carga familiar acreditada. Conoce m\u00e1s detalles de esta ayuda econ\u00f3mica. \u00a1Listas las maletas! Para tener una alta diversi\u00f3n&nbsp;entre marzo y diciembre,&nbsp;aprovecha tu pr\u00f3xima estad\u00eda en nuestros&nbsp;Centros Tur\u00edsticos&nbsp;con tarifas de Baja Temporada&#8230;.<\/p>\n","protected":false},"author":1,"featured_media":0,"parent":0,"menu_order":0,"comment_status":"closed","ping_status":"closed","template":"","meta":{"footnotes":""},"class_list":["post-692","page","type-page","status-publish","hentry"],"_links":{"self":[{"href":"https:\/\/www.aj.cl\/intranet\/wp-json\/wp\/v2\/pages\/692","targetHints":{"allow":["GET"]}}],"collection":[{"href":"https:\/\/www.aj.cl\/intranet\/wp-json\/wp\/v2\/pages"}],"about":[{"href":"https:\/\/www.aj.cl\/intranet\/wp-json\/wp\/v2\/types\/page"}],"author":[{"embeddable":true,"href":"https:\/\/www.aj.cl\/intranet\/wp-json\/wp\/v2\/users\/1"}],"replies":[{"embeddable":true,"href":"https:\/\/www.aj.cl\/intranet\/wp-json\/wp\/v2\/comments?post=692"}],"version-history":[{"count":14,"href":"https:\/\/www.aj.cl\/intranet\/wp-json\/wp\/v2\/pages\/692\/revisions"}],"predecessor-version":[{"id":743,"href":"https:\/\/www.aj.cl\/intranet\/wp-json\/wp\/v2\/pages\/692\/revisions\/743"}],"wp:attachment":[{"href":"https:\/\/www.aj.cl\/intranet\/wp-json\/wp\/v2\/media?parent=692"}],"curies":[{"name":"wp","href":"https:\/\/api.w.org\/{rel}","templated":true}]}}